68
What is the remainder when 10026 is divided by 80?
26
What is the remainder when 16159 is divided by 670?
79
Calculate the remainder when 36641 is divided by 5232.
17
Calculate the remainder when 16226 is divided by 66.
56
Calculate the remainder when 3626 is divided by 800.
426
What is the remainder when 844 is divided by 421?
2
What is the remainder when 489915 is divided by 1788?
3
Calculate the remainder when 57616 is divided by 1067.
1065
Calculate the remainder when 692 is divided by 572.
120
What is the remainder when 21500 is divided by 38?
30
Calculate the remainder when 198929 is divided by 140.
129
What is the remainder when 54816 is divided by 41?
40
What is the remainder when 174596 is divided by 300?
296
Calculate the remainder when 7515 is divided by 73.
69
What is the remainder when 5094 is divided by 62?
10
What is the remainder when 21773 is divided by 1341?
317
What is the remainder when 5880 is divided by 2939?
2
Calculate the remainder when 239758 is divided by 106.
92
Calculate the remainder when 2085 is divided by 627.
204
What is the remainder when 123384 is divided by 436?
432
What is the remainder when 18838 is divided by 11?
6
What is the remainder when 133134 is divided by 59?
30
Calculate the remainder when 874 is divided by 173.
9
Calculate the remainder when 3085 is divided by 3072.
13
Calculate the remainder when 7998 is divided by 173.
40
Calculate the remainder when 155958 is divided by 31191.
3
Calculate the remainder when 228336 is divided by 20.
16
What is the remainder when 111353 is divided by 348?
341
What is the remainder when 85241 is divided by 72?
65
What is the remainder when 1123 is divided by 89?
55
Calculate the remainder when 1106039 is divided by 780.
779
Calculate the remainder when 21346 is divided by 277.
17
What is the remainder when 4888 is divided by 1568?
184
Calculate the remainder when 588 is divided by 18.
12
Calculate the remainder when 13152 is divided by 118.
54
Calculate the remainder when 94773 is divided by 223.
221
Calculate the remainder when 22703 is divided by 5652.
95
Calculate the remainder when 369104 is divided by 1352.
8
Calculate the remainder when 144836 is divided by 278.
276
What is the remainder when 982494 is divided by 49?
44
Calculate the remainder when 230384 is divided by 384.
368
Calculate the remainder when 127602 is divided by 2502.
0
What is the remainder when 77789 is divided by 38889?
11
Calculate the remainder when 63167 is divided by 1313.
143
What is the remainder when 6435 is divided by 804?
3
Calculate the remainder when 1308 is divided by 60.
48
What is the remainder when 6459 is divided by 2093?
180
What is the remainder when 4080 is divided by 2026?
28
What is the remainder when 11724 is divided by 5852?
20
Calculate the remainder when 757 is divided by 94.
5
Calculate the remainder when 1396 is divided by 183.
115
Calculate the remainder when 957303 is divided by 69.
66
What is the remainder when 916 is divided by 690?
226
What is the remainder when 2391 is divided by 788?
27
What is the remainder when 34651 is divided by 371?
148
Calculate the remainder when 119057 is divided by 119049.
8
What is the remainder when 4068 is divided by 185?
183
What is the remainder when 34146 is divided by 76?
22
What is the remainder when 6512802 is divided by 117?
114
What is the remainder when 3433 is divided by 103?
34
What is the remainder when 3994 is divided by 768?
154
Calculate the remainder when 9829 is divided by 65.
14
Calculate the remainder when 3951 is divided by 86.
81
Calculate the remainder when 71641 is divided by 115.
111
Calculate the remainder when 1694951 is divided by 1416.
1415
What is the remainder when 53983 is divided by 241?
240
Calculate the remainder when 2219 is divided by 1579.
640
What is the remainder when 180420 is divided by 4009?
15
What is the remainder when 11040 is divided by 3586?
282
Calculate the remainder when 14753 is divided by 186.
59
Calculate the remainder when 191 is divided by 81.
29
What is the remainder when 416007 is divided by 11?
9
What is the remainder when 814 is divided by 65?
34
What is the remainder when 23460 is divided by 11676?
108
What is the remainder when 143552 is divided by 9570?
2
Calculate the remainder when 51463 is divided by 12854.
47
What is the remainder when 5257 is divided by 4409?
848
Calculate the remainder when 29036 is divided by 122.
0
Calculate the remainder when 3320 is divided by 2959.
361
What is the remainder when 295678 is divided by 384?
382
What is the remainder when 102657 is divided by 25?
7
Calculate the remainder when 6403 is divided by 580.
23
Calculate the remainder when 7971 is divided by 57.
48
Calculate the remainder when 804 is divided by 135.
129
What is the remainder when 147754 is divided by 28?
26
What is the remainder when 9994 is divided by 80?
74
Calculate the remainder when 69512 is divided by 449.
366
Calculate the remainder when 13172290 is divided by 14.
12
Calculate the remainder when 25366 is divided by 8093.
1087
What is the remainder when 38146 is divided by 40?
26
What is the remainder when 263 is divided by 166?
97
What is the remainder when 1165 is divided by 111?
55
What is the remainder when 133850 is divided by 13?
2
What is the remainder when 3493 is divided by 3373?
120
Calculate the remainder when 5160 is divided by 144.
120
What is the remainder when 189390 is divided by 304?
302
Calculate the remainder when 14686 is divided by 23.
12
Calculate the remainder when 19614 is divided by 2575.
1589
Calculate the remainder when 19019 is divided by 89.
62
What is the remainder when 6301 is divided by 1158?
511
What is the remainder when 95236 is divided by 474?
436
Calculate the remainder when 1778 is divided by 400.
178
What is the remainder when 8384 is divided by 1816?
1120
Calculate the remainder when 10796 is divided by 642.
524
What is the remainder when 38589 is divided by 288?
285
Calculate the remainder when 8178 is divided by 49.
44
What is the remainder when 20091 is divided by 118?
31
What is the remainder when 18398 is divided by 465?
263
Calculate the remainder when 4075246 is divided by 25.
21
Calculate the remainder when 238876 is divided by 61.
0
What is the remainder when 1250060 is divided by 72?
68
Calculate the remainder when 67688 is divided by 9.
8
Calculate the remainder when 1035 is divided by 274.
213
Calculate the remainder when 4810 is divided by 3825.
985
What is the remainder when 926 is divided by 47?
33
Calculate the remainder when 10495 is divided by 279.
172
Calculate the remainder when 7121 is divided by 7119.
2
What is the remainder when 2640 is divided by 343?
239
Calculate the remainder when 4440 is divided by 809.
395
What is the remainder when 32776 is divided by 528?
40
Calculate the remainder when 80833 is divided by 296.
25
Calculate the remainder when 4504 is divided by 553.
80
Calculate the remainder when 23441 is divided by 251.
98
Calculate the remainder when 1049 is divided by 1047.
2
Calculate the remainder when 241270 is divided by 754.
744
Calculate the remainder when 104345 is divided by 1656.
17
What is the remainder when 643 is divided by 81?
76
What is the remainder when 31586 is divided by 1650?
236
What is the remainder when 940715 is divided by 62713?
20
Calculate the remainder when 16407 is divided by 1366.
15
What is the remainder when 531786 is divided by 363?
354
What is the remainder when 9159 is divided by 1017?
6
What is the remainder when 13276 is divided by 18?
10
Calculate the remainder when 20593 is divided by 4.
1
Calculate the remainder when 1576 is divided by 325.
276
What is the remainder when 7089 is divided by 2256?
321
What is the remainder when 33676 is divided by 107?
78
What is the remainder when 717 is divided by 276?
165
Calculate the remainder when 79468 is divided by 11350.
18
Calculate the remainder when 6418 is divided by 2118.
64
What is the remainder when 1048 is divided by 53?
41
What is the remainder when 758 is divided by 390?
368
Calculate the remainder when 11345 is divided by 3482.
899
What is the remainder when 63735 is divided by 693?
672
What is the remainder when 165198 is divided by 1722?
1608
What is the remainder when 5380 is divided by 5